Is 59316245819 a prime number?
True
Is 444122711 composite?
False
Is 23608397647 prime?
False
Is 43149391 prime?
True
Is 3030925439 prime?
True
Is 36631677721 prime?
True
Is 11104718969 a composite number?
False
Is 2867026529 prime?
True
Is 2313271531 a prime number?
True
Is 2094902279 prime?
True
Is 365385281 prime?
True
Is 49807014317 prime?
True
Is 13932985015 a prime number?
False
Is 130481812711 a prime number?
True
Is 152000441 a prime number?
False
Is 1900839763 a prime number?
True
Is 30039773341 a composite number?
False
Is 3414262109 prime?
True
Is 349299216685 prime?
False
Is 15578713091 prime?
True
Is 989607329 prime?
True
Is 288151057 a composite number?
True
Is 112976651 composite?
True
Is 5305190209 prime?
False
Is 219946369361 composite?
False
Is 6904436449 a prime number?
False
Is 2711592641 a composite number?
False
Is 50858029 composite?
False
Is 2260374299 composite?
False
Is 6702832967 a prime number?
True
Is 7861684141 prime?
True
Is 5649256531 composite?
False
Is 3099105127 a prime number?
True
Is 1230305359 a composite number?
True
Is 10738672283 a composite number?
True
Is 987341783 a composite number?
True
Is 10541688103 a composite number?
True
Is 896672571 prime?
False
Is 114189949 prime?
False
Is 154933253 composite?
True
Is 877886203 a composite number?
True
Is 2157757403 composite?
True
Is 5193605467 a composite number?
False
Is 133850561 composite?
True
Is 4273982969 a prime number?
True
Is 119792009 a prime number?
False
Is 122911963 composite?
True
Is 226752727 prime?
False
Is 120332380967 composite?
True
Is 9223591849 a prime number?
False
Is 6806641859 a composite number?
True
Is 917109979 a composite number?
False
Is 79448857 a prime number?
False
Is 39044833277 composite?
True
Is 9577018621 composite?
True
Is 5236357673 a prime number?
True
Is 2258510587 a prime number?
False
Is 157164563 a prime number?
False
Is 1456133213 a prime number?
True
Is 1162906957 a composite number?
True
Is 1730165313 composite?
True
Is 903708703 a prime number?
False
Is 44336263921 a composite number?
True
Is 28384291609 a prime number?
False
Is 12564630301 composite?
False
Is 689311631 a composite number?
True
Is 11521351003 prime?
True
Is 12618803 a composite number?
False
Is 2128886803 prime?
True
Is 10680013531 a composite number?
True
Is 30990238889 a prime number?
True
Is 5420135173 composite?
True
Is 147203701 a composite number?
False
Is 12918443 a composite number?
False
Is 34303295333 a prime number?
True
Is 46422740563 composite?
False
Is 227732268847 a composite number?
True
Is 816109187 prime?
False
Is 52824622 composite?
True
Is 212483819 a composite number?
True
Is 31888735759 a composite number?
False
Is 29323924467 prime?
False
Is 3107538289 a prime number?
True
Is 3552480601 prime?
True
Is 45404220737 composite?
True
Is 389508421 composite?
True
Is 7079900511 composite?
True
Is 80284289203 a prime number?
True
Is 614623189 a prime number?
True
Is 45254567791 prime?
True
Is 20559530093 a prime number?
False
Is 53937712133 a composite number?
True
Is 10740470063 a composite number?
True
Is 203706281213 a prime number?
False
Is 3016985467 a composite number?
False
Is 4798837751 a composite number?
False
Is 71094783869 a composite number?
False
Is 150960281 a composite number?
False
Is 566681603 a composite number?
True
Is 3427502885 a composite number?
True
Is 616867913 a composite number?
True
Is 3975744803 a composite number?
True
Is 663939721 prime?
True
Is 84507551137 composite?
False
Is 1624964719 a composite number?
True
Is 2234439619 composite?
False
Is 35118402743 prime?
False
Is 207747305 composite?
True
Is 54528436646 prime?
False
Is 258056789 composite?
False
Is 199082531 a prime number?
False
Is 1633525489 a composite number?
False
Is 53989487 a composite number?
True
Is 3229904803 a composite number?
False
Is 3295671949 a prime number?
False
Is 19716622507 a prime number?
True
Is 23180438471 composite?
True
Is 144100303331 composite?
False
Is 16091105399 a prime number?
True
Is 4013199419 a prime number?
True
Is 700447505 prime?
False
Is 3896310589 a prime number?
False
Is 2268860771 a prime number?
True
Is 60473049991 a composite number?
True
Is 2728658363 a composite number?
True
Is 16673545751 a composite number?
True
Is 13681483 a prime number?
True
Is 811318847 composite?
False
Is 78516490735 prime?
False
Is 1355927711 a composite number?
False
Is 508418651 a prime number?
False
Is 31507950451 composite?
False
Is 124124197 a prime number?
False
Is 1824983593 a prime number?
False
Is 179647943647 a composite number?
False
Is 1135731587 a composite number?
False
Is 72290801251 a prime number?
True
Is 4548560251 a composite number?
False
Is 2485585727 a composite number?
True
Is 576807209 prime?
False
Is 6361127203 composite?
False
Is 730635677 composite?
True
Is 12575475089 prime?
False
Is 8679614939 a prime number?
True
Is 2672558191 prime?
False
Is 1580018147 composite?
True
Is 1407383069 a prime number?
False
Is 946979867 composite?
True
Is 221889673 prime?
True
Is 972132331 composite?
True
Is 36190113937 composite?
True
Is 6751386349 a composite number?
True
Is 166512707 a composite number?
False
Is 11818068553 prime?
True
Is 20114458277 prime?
False
Is 1818992353 prime?
True
Is 6637691471 prime?
True
Is 2109584221 a composite number?
False
Is 7178579693 a composite number?
True
Is 2908804579 a prime number?
True
Is 2303867297 a composite number?
True
Is 7787777381 a composite number?
False
Is 7803966287 composite?
True
Is 57213907 a composite number?
False
Is 15424387129 prime?
True
Is 275557637 composite?
False
Is 824853833 composite?
False
Is 731948501 a prime number?
True
Is 2962844957 prime?
True
Is 138060991 composite?
True
Is 86480343607 a prime number?
False
Is 32280349 prime?
False
Is 6226523939 a composite number?
False
Is 5802008299 composite?
False
Is 11332487611 a prime number?
True
Is 56700110333 composite?
True
Is 1025500603 composite?
True
Is 1411336723 composite?
False
Is 36728043217 composite?
True
Is 12539974351 a composite number?
False
Is 357496541 a composite number?
False
Is 16179163141 a composite number?
False
Is 10359200363 a composite number?
False
Is 890866517 a prime number?
True
Is 168025280867 prime?
False
Is 472011469 composite?
True
Is 3907331971 prime?
False
Is 2905368703 prime?
False
Is 674788139 composite?
False
Is 5039591009 a prime number?
False
Is 11827719851 a prime number?
True
Is 196954169 a prime number?
False
Is 684006811 a prime number?
True
Is 54796211293 prime?
False
Is 995051 composite?
False
Is 488182927 composite?
True
Is 9044765143 prime?
False
Is 18360107137 a composite number?
True
Is 4904636601 a composite number?
True
Is 2043333013 a composite number?
False
Is 35432257561 prime?
True
Is 15655398197 a composite number?
True
Is 74109997499 prime?
False
Is 4831916983 composite?
True
Is 17386896259 a prime number?
True
Is 1737118193 prime?
True
Is 3654816569 prime?
True
Is 2320102517 a composite number?
False
Is 1604764621 prime?
False
Is 1016211787 a prime number?
True
Is 64561006373 prime?
True
Is 43448033 prime?
True
Is 50495099 a prime number?
True
Is 7769457133 prime?
True
Is 537830968967 composite?
False
Is 658709899 a prime number?
True
Is 36786394069 prime?
False
Is 1689947243 prime?
True
Is 7808475929 composite?
False
Is 1239571063 a prime number?
True
Is 692889271 a prime number?
True
Is 5873916953 a prime number?
True
Is 79313321033 prime?
False
Is 2021763929 a composite number?
False
Is 134844043 a composite number?
False
Is 6469533329 prime?
False
Is 221253979 a prime number?
False
Is 12397867453 prime?
False
Is 11168927083 composite?
False
Is 10083805063 composite?
True
Is 3022956697 a composite number?
True
Is 104158442203 a prime number?
True
Is 12451544627 composite?
False
Is 3320642785 prime?
False
Is 18514132423 a composite number?
False
Is 5594825129 a prime number?
True
Is 6345012563 composite?
False
Is 478746473 a prime number?
False
Is 97727043 prime?
False
Is 9516076357 a prime number?
True
Is 29840783407 composite?
False
Is 15141838601 prime?
True
Is 40109024317 a prime number?
False
Is 767952997 a composite number?
True
Is 106034794639 prime?
True
Is 47009815283 a prime number?
False
Is 1542205883 composite?
Fal